o)?
-11
Suppose 16 = 3*g + g. Let f(n) = 12 - g*n + 1 + 2*n. Let j be f(9). Let d(q) = q**2 + 4*q - 3. What is d(j)?
2
Let c(z) = -2*z**2 + 5*z**2 - 2*z - 7*z**2 + 3*z**2 + 1 - 3. What is c(-3)?
-5
Suppose 0 = -2*x - 23*w + 20*w + 39, 5*x + 4*w - 80 = 0. Let i(t) = 3*t - 12. Calculate i(x).
24
Let s(f) = f**2 - 2*f - 6. Suppose 0 = -7*v + 59 - 38. Give s(v).
-3
Let d(h) = -h**2 - 3*h + 39. Suppose 13 + 15 = -4*i. Let f be d(i). Let x(t) = -t**2 + 12*t - 6. Give x(f).
5
Suppose 3*g - 58 = g. Suppose 4*r + 2*l - g = 7, 4*r = -3*l + 32. Let q(z) = 6*z + r*z - z. Calculate q(-1).
-16
Suppose -w = 3*d - 3*w - 14, -6 = 3*d + 3*w. Let g(f) = 4*f + 12 - 4*f + d*f - 11. Let y = -7 + 11. Calculate g(y).
9
Suppose 3*s - f - 9 = 0, 4*f = -s - 9 - 1. Let l be ((-3 - -3)/2)/s. Let g(v) be the second derivative of v**4/12 - v**3/6 - v**2/2 + v. Calculate g(l).
-1
Let b be (-11)/(1 - 2/1). Let c = b - 6. Let h(t) = -61*t - 26. Let q(k) = 23*k + 9. Let z(r) = -3*h(r) - 8*q(r). Calculate z(c).
1
Let o(z) = -z**3 + 2*z**2 + z + 1. Let k(l) be the second derivative of l**5/20 + l**4/12 - 7*l**3/6 + l. Let t be k(-3). Give o(t).
-5
Let s(x) be the first derivative of 27 + 2*x - 3/2*x**2. Give s(-4).
14
Let n(j) = -1. Let x(b) = -6. Let y(h) = -5*n(h) + x(h). Let o(l) = -2*l + 16. Let q(i) = o(i) + 3*y(i). Give q(9).
-5
Let f(l) = 5*l**3 - 4*l**2 - 2*l - 22. Let q(b) = -6*b**3 + 7*b**2 + 2*b + 23. Let v(g) = 5*f(g) + 4*q(g). What is v(-8)?
-2
Let z(u) = -50*u + 15*u + 22*u + 16*u - 6. Determine z(-5).
-21
Let m(j) be the first derivative of 2*j**3 + j**2/2 - j - 364. Give m(1).
6
Let x(f) = -2*f - 10. Let k be (-40)/(-24)*-3 + 0. What is x(k)?
0
Let t = -16 - -21. Let g(y) be the third derivative of y**4/12 - 2*y**3/3 + 24*y**2. What is g(t)?
6
Let u be 62 - 63 - -3*1. Suppose 0 = 3*g - 9 + 30. Let q(x) = -3*x**2 + 5. Let c(t) = -10*t**2 + t + 16. Let i(a) = g*q(a) + 2*c(a). Calculate i(u).
5
Let m(z) = z**2 - 4*z. Suppose 3*p - 7 - 44 = 0. Let u = 20 - p. Let f = 6 - u. Calculate m(f).
-3
Let s(n) = n**3 + 7*n**2 + 7*n + 9. Suppose 16*h - 13*h - 315 = 0. Let w be 5/60*-2 + h/(-18). Determine s(w).
3
Let h be 2*(-2)/12*6. Suppose -3*g - s - 8 = -2*s, -g = -2*s + 6. Let v be 3/h - g/4. Let m(a) = -12*a**2 + a. Calculate m(v).
-13
Let v(m) = m**2 + 2. Let w = -31 - -33. Let p be -3 + 9*w/6. What is v(p)?
2
Let z(g) = 10*g - 4 + 5*g + 5*g - 15*g. Determine z(5).
21
Let w = -14 + 18. Suppose 3*j + 6 = 0, j + w*j + 13 = g. Let b(a) = -2*a**2 - 3*a**2 + 3 - 4*a + 2*a**2 + 4*a**2. Give b(g).
0
Suppose -21 = 4*q + 4*t + 55, 0 = 4*q + t + 64. Let n be 2/3 - (-248)/24*-2. Let l = q - n. Let m(k) = -k**2 + 6*k + 5. Determine m(l).
10
Let f(z) = -z**2 - 6*z - 7. Let h be f(-3). Let p(i) = -6 - 6*i + 2*i + 2*i**3 - 7*i**h - i**3 + 5*i. What is p(7)?
1
Suppose 3*j - 7 = 2*j + 5*m, 0 = j + 4*m - 16. Let d(v) = -v**2 + 13*v - 6. Determine d(j).
6
Let m(i) be the third derivative of -i**5/30 - i**4/6 - 2*i**3/3 - 4*i**2. Let l be (-60)/(-4)*(-2)/(-6). Suppose -l = 4*w + 7. Calculate m(w).
-10
Let h = -21 - -23. Let q(g) = h*g + g - 7 + 10. Suppose 0 = -k - 2*f - 11, -4 = 3*k - f + 1. Give q(k).
-6
Suppose -3*c - 9 = 4*o - 6*c, -3*o + 4*c - 5 = 0. Let w(y) = y**2. What is w(o)?
9
Let c(f) = 2*f**2 + 15*f + 2. Suppose 4 = -4*r - 24. Let d be c(r). Let s(i) = -i + 4. Determine s(d).
9
Suppose -3*i + 7 = c - 0*c, 4*i - 5*c = -16. Let k be 2/(i - 0)*(1 + -2). Let x(r) = -3*r**2 - 3*r. Calculate x(k).
-6
Let l(c) = -c**3 + 7*c**2 + 7*c + 6. Let z(w) = -w - 7. Let g be z(-11). Suppose -5*p = -j + 3*j - 11, -j - g*p + 4 = 0. Determine l(j).
-2
Let s be (-340)/(-42) + 92/(-966). Let t(g) = 3 + 5 + 1 - 2*g. Determine t(s).
-7
Suppose -4*a + 7*a + 2 = -4*j, 2*j = -5*a + 6. Let f(h) = 17*h**2 - 20*h - 3. Let r(c) = 19*c**2 - 23*c - 3. Let q(d) = -9*f(d) + 8*r(d). Calculate q(a).
-9
Let k(w) be the first derivative of w**6/180 - w**5/120 - w**4/24 + 11*w**3/3 + 8. Let c(h) be the third derivative of k(h). Give c(-2).
9
Let x = -330 - -328. Let g(m) = m**3 - 3*m**2 - m + 3. Determine g(x).
-15
Let n(h) = 7*h**2 + 3*h**3 + h - 4*h**3 - 9 - 1 + 7*h**2. Calculate n(14).
4
Let j be (8 + -10)/2 + (11 - 0). Let f(l) = -l + 1. Give f(j).
-9
Let x = -12 - -18. Let t be -3*(-3)/18*12. Let d(f) = -t*f**2 + 6 - 8 - 3 + f**3. Calculate d(x).
-5
Let s = -539 + 526. Let o(d) = d**3 + 12*d**2 - 15*d - 17. Determine o(s).
9
Let c(d) = d**2 - 4*d + 14. Let p be (-24)/(-8)*(-16)/(-6). Determine c(p).
46
Let c = -14 + 21. Let a = c + -6. Let n(f) = f**2 + f - 1. Give n(a).
1
Let w(i) be the first derivative of -2 - 9*i + 1/6*i**3 + 0*i**2. Let c(o) be the first derivative of w(o). Determine c(7).
7
Let y(r) = -12*r**2 + 49*r + 62. Let o(c) = -17*c**2 + 74*c + 93. Let i(j) = 5*o(j) - 7*y(j). Let u be i(28). Let q(l) = 2*l**2 - 2*l - 4. Determine q(u).
8
Let q(x) = 2 - 1239*x**2 - 3*x + 1233*x**2 + 6*x. What is q(-2)?
-28
Suppose 0 = 4*a - 2*i - 6, -2 = 5*i + 13. Let o(u) be the first derivative of -2*u - 1/2*u**2 - 7 + 1/3*u**3. What is o(a)?
-2
Let f = -72 - -73. Let r(t) = -9*t**2 + 4*t + 3. Let b(w) = -8*w**2 + 5*w + 4. Let q(n) = 3*b(n) - 4*r(n). Give q(f).
11
Let i(h) = -h**3 + 5*h**2 - 7*h + 7. Let a be (-1 - -6)*1*72/120. Suppose -a*s + 9 = -6. Calculate i(s).
-28
Suppose -34 = -5*p - f, 3*p = -3*f - 0*f + 18. Let n be (1 + 1)/((-10)/(-45)). Let q(c) = 4*c + 2*c + 19*c**2 + 9 - n*c**2 - 11*c**2. Calculate q(p).
2
Let t(z) = z - 4. Let i = -283 + 285. Calculate t(i).
-2
Let r(x) = x**3 - 8*x**2 - x + 12. Suppose -5*l - 2*b = 21 - 65, -5*b = -l - 2. Give r(l).
4
Let l(c) = -c. Let r(k) = -2*k**2 - 3*k - 1. Let d(i) = -4*l(i) + r(i). Let z = -26 + 56. Let f = z - 29. Determine d(f).
-2
Suppose 5*c + s = -3*s + 109, c - 21 = -s. Suppose 5*i + 0*i = c. Let t(f) = -3 - 5 - 5 + i - 3*f. Give t(-6).
10
Let c = 25 + -23. Let l(p) = 2 + 1 - 10 + c - 10*p**2 + p**3. Calculate l(10).
-5
Let a(v) = 4*v**2 + 0 - 18*v - 5 + 2 + 13*v. Give a(-2).
23
Let m(i) = i**2 + 9*i - 13. Suppose 128 = -11*r + 18. Determine m(r).
-3
Suppose 3*p - 3 = 5*g, -3*g + 2*p = -2*p + 4. Let h = 6 + -4. Let c(z) = 2*z - 4 + z - h*z + 1. What is c(g)?
-3
Let c = -89 - -155. Let m be c/9 + 4/6. Suppose -9*f - 4 = -m*f. Let q(g) = -g**3 - 5*g**2 - 2*g + 3. What is q(f)?
-5
Suppose 22 = g + 14. Let i(b) = -b**2 + 7*b + 1. Give i(g).
-7
Let h(r) = -2*r - 5. Let u be h(-5). Let g = 1 - -4. Let m(p) = g + 4*p - u*p - 6. Calculate m(-4).
3
Let o(a) = 4 - 6*a + 4*a + 15 - 6. Let n be o(3). Let r(g) = -g - 9. Give r(n).
-16
Let j(p) = -7*p**3 - 10*p**2 + 7. Let l(f) = f**3 + f**2 - 1. Let s(o) = -j(o) - 6*l(o). Suppose -5*n = -5*x + 40, -4*x + 28 = -172*n + 170*n. What is s(n)?
7
Let b(a) = 2*a + 1. Let v(i) = -i**3 - 9*i**2 + 7*i - 26. Let u be v(-10). Give b(u).
9
Let o(h) = -h**2 + 7*h + 17. Let w be o(8). Let z(y) = 2*y**2 - 2*y**2 + w - 5*y - 5*y + y**2. Determine z(7).
-12
Let d(x) = -x**3 + 7*x**2 - 7*x - 4. Suppose -3*t = -2*n - 0*t + 6, 2*t = 5*n - 26. Calculate d(n).
-10
Let m(x) be the third derivative of -x**4/8 - 5*x**3/3 - 2*x**2 - 2*x. Calculate m(-4).
2
Let b be 4/(-12) - 70/15. Let s(a) = -2*a + 5. What is s(b)?
15
Let w(m) = -m - 1. Let f(o) = 8*o + 8. Let k(b) = f(b) + 2*w(b). Determine k(-6).
-30
Let l(b) = -b - 5. Suppose 31*r - 34*r = 36. Give l(r).
7
Let b(w) = 2*w**2 - 1. Let l be 1090/50 - 2/(-10). Let x(v) = -20*v**3 + 2*v + 1. Let u be x(-1). Let t = l - u. Determine b(t).
17
Let m(y) = -y**3 - 4*y**2 + 3*y - 4. Let l(h) = -h**3 + 10*h**2 - 4. Let d = -5 + 15. Let a be l(d). Determine m(a).
-16
Suppose -3*d - 3 = -12. Let j(b) be the first derivative of -d - 9/2*b**2 - 1/3*b**3 - 10*b. Calculate j(-8).
-2
Let u = -31 + 26. Let v(k) = -k**3 - 6*k**2 - 6*k - 1. Calculate v(u).
4
Let i(x) be the third derivative of -x**4/24 - 7*x**3/6 + x**2. Let h = -6160 + 6165. What is i(h)?
-12
Let h(r) = -8*r**2 - 3*r**2 + 4*r**2 - 2 - 4*r**2 + r + 7*r**2 + r**3. Give h(4).
2
Let v(u) = -u**3 + 15*u**2 + u - 22. Let q(l) = 2*l**2 - 32*l - 99. Let z be q(19). Give v(z).
-7
Suppose 12 = g + 3*y, -4*g - 16 = -6*g - 4*y. Let d(f) = -3*f + 1. Calculate d(g).
1
Let j(x) = -15*x**2 + 5*x - 7. Let c(k) = 4*k**2 - k. Let o(n) = -4*c(n) - j(n). Calculate o(-3).
1
Let c(r) be the second derivative of r**4/12 - 13*r**3/6 + 13*r**2 - r + 260. What is 